 2421?
1
What is the units digit of 6676?
6
What is the units digit of 1255?
5
What is the units digit of 806?
6
What is the tens digit of 68597?
9
What is the thousands digit of 2528?
2
What is the thousands digit of 3343?
3
What is the tens digit of 302?
0
What is the hundreds digit of 8995?
9
What is the units digit of 2010?
0
What is the thousands digit of 1295?
1
What is the tens digit of 67?
6
What is the ten thousands digit of 109900?
0
What is the tens digit of 62726?
2
What is the ten thousands digit of 22257?
2
What is the thousands digit of 18301?
8
What is the ten thousands digit of 76362?
7
What is the tens digit of 1850?
5
What is the ten thousands digit of 68166?
6
What is the ten thousands digit of 41014?
4
What is the hundreds digit of 61247?
2
What is the units digit of 34054?
4
What is the thousands digit of 11973?
1
What is the tens digit of 13?
1
What is the hundreds digit of 963?
9
What is the ten thousands digit of 18164?
1
What is the hundreds digit of 8416?
4
What is the units digit of 73017?
7
What is the tens digit of 4846?
4
What is the units digit of 1086?
6
What is the ten thousands digit of 111327?
1
What is the hundreds digit of 231?
2
What is the thousands digit of 2522?
2
What is the ten thousands digit of 35643?
3
What is the tens digit of 69213?
1
What is the ten thousands digit of 92911?
9
What is the hundreds digit of 87934?
9
What is the hundreds digit of 14642?
6
What is the thousands digit of 3211?
3
What is the hundreds digit of 4008?
0
What is the hundreds digit of 6838?
8
What is the hundreds digit of 1557?
5
What is the tens digit of 69656?
5
What is the units digit of 348?
8
What is the tens digit of 1059?
5
What is the tens digit of 138522?
2
What is the units digit of 547?
7
What is the thousands digit of 90592?
0
What is the thousands digit of 62196?
2
What is the tens digit of 1325?
2
What is the hundreds digit of 3225?
2
What is the thousands digit of 16709?
6
What is the hundreds digit of 3600?
6
What is the units digit of 12890?
0
What is the units digit of 425?
5
What is the hundreds digit of 416?
4
What is the units digit of 14412?
2
What is the units digit of 1042?
2
What is the units digit of 1909?
9
What is the tens digit of 588?
8
What is the units digit of 49?
9
What is the tens digit of 459?
5
What is the tens digit of 8717?
1
What is the thousands digit of 38227?
8
What is the units digit of 1805?
5
What is the hundreds digit of 146?
1
What is the hundreds digit of 2161?
1
What is the hundreds digit of 2798?
7
What is the tens digit of 1340?
4
What is the units digit of 5739?
9
What is the units digit of 3529?
9
What is the units digit of 141476?
6
What is the units digit of 3134?
4
What is the hundreds digit of 2356?
3
What is the tens digit of 8893?
9
What is the hundreds digit of 12062?
0
What is the tens digit of 2361?
6
What is the units digit of 1326?
6
What is the hundreds digit of 387?
3
What is the tens digit of 1641?
4
What is the units digit of 921?
1
What is the units digit of 4055?
5
What is the thousands digit of 3038?
3
What is the hundreds digit of 1397?
3
What is the hundreds digit of 3923?
9
What is the thousands digit of 4824?
4
What is the hundreds digit of 739?
7
What is the units digit of 27767?
7
What is the tens digit of 4803?
0
What is the thousands digit of 1915?
1
What is the thousands digit of 4216?
4
What is the hundreds digit of 1650?
6
What is the thousands digit of 156178?
6
What is the tens digit of 88862?
6
What is the units digit of 6939?
9
What is the thousands digit of 19976?
9
What is the hundreds digit of 6437?
4
What is the hundreds digit of 58853?
8
What is the hundreds digit of 894?
8
What is the units digit of 130?
0
What is the units digit of 266?
6
What is the hundreds digit of 2207?
2
What is the tens digit of 60283?
8
What is the units digit of 33422?
2
What is the tens digit of 9913?
1
What is the thousands digit of 18075?
8
What is the hundreds digit of 2015?
0
What is the thousands digit of 10182?
0
What is the ten thousands digit of 119018?
1
What is the units digit of 25678?
8
What is the tens digit of 1393?
9
What is the hundreds digit of 8434?
4
What is the hundreds digit of 578?
5
What is the hundreds digit of 1006?
0
What is the tens digit of 145?
4
What is the units digit of 1778?
8
What is the tens digit of 580?
8
What is the thousands digit of 5079?
5
What is the tens digit of 2499?
9
What is the units digit of 82457?
7
What is the units digit of 51?
1
What is the ten thousands digit of 26513?
2
What is the units digit of 116235?
5
What is the thousands digit of 3467?
3
What is the units digit of 376?
6
What is the units digit of 209?
9
What is the hundreds digit of 26394?
3
What is the thousands digit of 106663?
6
What is the hundreds digit of 28011?
0
What is the thousands digit of 1563?
1
What is the thousands digit of 5937?
5
What is the ten thousands digit of 54663?
5
What is the tens digit of 2644?
4
What is the hundreds digit of 165095?
0
What is the ten thousands digit of 122715?
2
What is the units digit of 1484?
4
What is the tens digit of 33000?
0
What is the hundreds digit of 3828?
8
What is the ten thousands digit of 17329?
1
What is the thousands digit of 101342?
1
What is the thousands digit of 43162?
3
What is the tens digit of 1149?
4
What is the ten thousands digit of 90874?
9
What is the hundreds digit of 148611?
6
What is the units digit of 66997?
7
What is the units digit of 3273?
3
What is the tens digit of 388?
8
What is the hundreds digit of 28799?
7
What is the units digit of 4511?
1
What is the hundreds digit of 2043?
0
What is the hundred thousands digit of 114206?
1
What is the units digit of 1974?
4
What is the hundreds digit of 28577?
5
What is the units digit of 636?
6
What is the hundreds digit of 66822?
8
What is the hundreds digit of 868?
8
What is the hundreds digit of 136460?
4
What is the units digit of 2125?
5
What is the tens digit of 50?
5
What is the thousands digit of 10474?
0
What is the thousands digit of 16382?
6
What is the hundreds digit of 38657?
6
What is the hundreds digit of 164?
1
What is the units digit of 1471?
1
What is the thousands digit of 8280?
8
What is the tens digit of 5228?
2
What is the tens digit of 29982?
8
What is the thousands digit of 92131?
2
What is the units digit of 34879?
9
What is the tens digit of 451?
5
What is the hundreds digit of 10319?
3
What is the thousands digit of 1242?
1
What is the units digit of 2823?
3
What is the hundreds digit of 272?
2
What is the tens digit of 107451?
5
What is the hundreds digit of 940?
9
What is the thousands digit of 1757?
1
What is the thousands digit of 34293?
4
What is the thousands digit of 9886?
9
What is the units digit of 1360?
0
What is the tens digit of 3897?
9
What is the tens digit of 80340?
4
What is the thousands digit of 5991?
5
What is the thousands digit of 30056?
0
What is the tens digit of 5292?
9
What is the hundreds digit of 21815?
8
What is the units digit of 182?
2
What is the ten thousands digit of 50269?
5
What is the units digit of 21?
1
What is the thousands digit of 41230?
1
What is the ten thousands digit of 100162?
0
What is the units digit of 934?
4
What is the hundreds digit of 305?
3
What is the thousands digit of 63547?
3
What is the tens digit of 11708?
0
What is the units digit of 4590?
0
What is the thousands digit of 4687?
4
What is the units digit of 8881?
1
What is the units digit of 934?
4
What is the thousands digit of 3094?
3
What is the thousands digit of 4538?
4
What is the thousands digit of 1697?
1
What is the hundreds digit of 58251?
2
What is the ten thousands digit of 15692?
1
What is the units digit of 10145?
5
What is the hundreds digit of 91807?
8
What is the tens digit of 34769?
6
What is the thousands digit of 3885?
3
What is the thousands digit of 9291?
9
What is the ten thousands digit of 16707?
1
What is the thousands digit of 57195?
7
What is the tens digit of 627?
2
What is the tens digit of 4207?
0
What is the units digit of 8076?
6
What is the tens digit of 356?
5
What is the thousands digit of 1061?
1
What is the hundreds digit of 7871?
8
What is the ten thousands digit of 17215?
1
What is the ten thousands digit of 24284?
2
What is the tens digit 